 = -3*c**3 + 49*c**2 - 64*c + 54. What is m(15)?
-6
Let r(o) = 71*o - 551. What is r(10)?
159
Let t(l) = -132*l - 1658. What is t(-13)?
58
Let j(b) = -145*b - 16. Calculate j(-2).
274
Let s(t) = t**2 - 101*t + 2243. What is s(33)?
-1
Let j(f) = 16*f**3 - 3*f**2 - 10*f + 1. Calculate j(-2).
-119
Let n(f) = -31*f**2 + 114*f - 16. Calculate n(4).
-56
Let x(l) = 2*l**3 + 32*l**2 + 72*l - 51. Give x(-13).
27
Let o(p) = -157*p - 2932. Determine o(-19).
51
Let a(i) = i**3 - 8*i**2 - 68*i + 57. What is a(13)?
18
Let g(f) = 4*f - 95. Calculate g(22).
-7
Let h(r) = -59*r - 17266. Calculate h(-293).
21
Let g(z) = -4*z**2 - 61*z + 24. Determine g(-17).
-95
Let j(k) = -110*k - 9287. Calculate j(-83).
-157
Let v(a) = -a**3 - 22*a**2 - 30*a + 91. Calculate v(-21).
280
Let x(m) = 6*m + 4. Determine x(4).
28
Let z(r) = -86*r + 161. Give z(2).
-11
Let s(x) = 3*x**3 + 9*x**2 - 18*x + 18. Calculate s(-5).
-42
Let f(h) = -497*h - 6801. What is f(-14)?
157
Let j(y) = y**3 - 67*y**2 - 512*y - 435. Calculate j(74).
9
Let n(s) = -47*s**2 + 1089*s - 1209. What is n(22)?
1
Let s(u) = 49*u + 2628. Calculate s(-56).
-116
Let q(n) = -5*n**3 - 21*n**2 - 43*n - 61. Determine q(-2).
-19
Let t(s) = 84*s + 762. Determine t(-9).
6
Let l(v) = 8*v**2 - 4*v + 3. Give l(-7).
423
Let g(h) = -h**3 - 7*h**2 + 266*h + 83. Determine g(-20).
-37
Let l(p) = -p**3 + 66*p**2 - 412*p - 63. Determine l(59).
-4
Let b(i) = -i**3 - 25*i**2 - 44*i + 44. Give b(-23).
-2
Let h(m) = -58*m - 1159. Calculate h(-20).
1
Let s(u) = u**3 + 10*u**2 - 77*u - 28. Determine s(-15).
2
Let z(h) = -587*h - 103900. Calculate z(-177).
-1
Let t(x) = 26*x**2 - 93*x + 10. Determine t(3).
-35
Let l(z) = -322*z - 114. Calculate l(1).
-436
Let i(p) = 2*p**2 + 52*p + 23. Determine i(-21).
-187
Let h(s) = 4*s - 488. Calculate h(48).
-296
Let w(k) = 68*k**2 + 95*k + 187. Determine w(-2).
269
Let z(f) = 6624*f - 79467. Calculate z(12).
21
Let b(y) = -206*y - 2161. Calculate b(-10).
-101
Let y(o) = -4*o**3 + 23*o**2 - 11*o - 17. Give y(5).
3
Let z(g) = g**3 + 20*g**2 - 3*g - 82. What is z(-20)?
-22
Let k(y) = 37*y + 1844. What is k(-40)?
364
Let o(g) = 16*g + 313. Calculate o(-18).
25
Let t(c) = c**3 + 7*c**2 + 4*c - 1. Calculate t(-7).
-29
Let s(x) = -15*x**2 + 192*x + 40. Give s(13).
1
Let c(a) = 924*a + 16631. Determine c(-18).
-1
Let f(c) = -3*c**2 - 50*c - 15. Determine f(-7).
188
Let n(l) = 463*l - 9213. Determine n(20).
47
Let b(d) = 66*d - 2450. Determine b(37).
-8
Let o(w) = 978*w + 5863. Determine o(-6).
-5
Let h(r) = -106*r + 7189. Give h(67).
87
Let r(k) = 3*k**3 + 30*k**2 + 12*k - 18. What is r(-9)?
117
Let z(f) = f**3 + 4*f**2 - 119*f + 370. What is z(6)?
16
Let a(t) = 90*t**2 - 10078*t - 231. What is a(112)?
-7
Let a(s) = 3*s**2 + 123*s + 34. Calculate a(-43).
292
Let y(r) = -1382*r + 5528. Give y(4).
0
Let u(y) = -10*y - 375. Calculate u(-36).
-15
Let s(w) = w**2 + 24*w - 3181. What is s(-64)?
-621
Let a(f) = -f**3 + 37*f**2 - 69*f - 49. Calculate a(35).
-14
Let v(g) = g**3 - g**2 + 27*g - 198. Determine v(5).
37
Let b(j) = j**3 + 10*j**2 - 49*j - 129. What is b(-13)?
1
Let t(b) = -12*b**2 + 463*b - 259. Give t(38).
7
Let n(o) = o**3 + 5*o - 124. Give n(0).
-124
Let o(s) = 94*s + 102. What is o(-4)?
-274
Let m(k) = -21*k**2 - 15*k - 22. Determine m(-3).
-166
Let s(v) = -64*v - 1848. Give s(-29).
8
Let w(a) = -2*a**2 + 56*a + 9. Determine w(27).
63
Let u(f) = -2*f**2 + 204*f + 1302. Determine u(108).
6
Let d(v) = 115*v + 909. Determine d(-8).
-11
Let a(r) = -r**3 - 32*r**2 + 40*r - 959. What is a(-34)?
-7
Let q(w) = w**3 - 4*w**2 - 222*w - 2842. What is q(21)?
-7
Let q(i) = -3*i**2 - 214*i - 637. Give q(-3).
-22
Let a(h) = -5*h**2 - 9*h - 14. What is a(6)?
-248
Let m(t) = -t**2 - 10*t + 617. Determine m(20).
17
Let v(f) = f**2 + 270*f + 5. Determine v(0).
5
Let y(a) = -192*a + 13831. Calculate y(72).
7
Let x(y) = -2*y**3 + 47*y**2 - 68*y + 30. Determine x(22).
-14
Let d(l) = 32*l + 48. Give d(3).
144
Let f(o) = 7*o**2 - 17*o - 35. Determine f(-2).
27
Let y(w) = -2*w**2 - 8*w + 275. Calculate y(-12).
83
Let o(d) = d**3 + 29*d**2 - 70*d - 192. What is o(-31)?
56
Let n(s) = 78*s - 136. Calculate n(7).
410
Let b(g) = 6*g - 103. Give b(23).
35
Let g(v) = -73*v**3 - v**2 + 9*v - 9. Calculate g(1).
-74
Let c(s) = -3*s**2 + s + 181. Determine c(0).
181
Let s(t) = 9*t**2 + 17*t - 14. Give s(4).
198
Let w(d) = 52*d - 2007. Calculate w(35).
-187
Let l(g) = 9*g**3 - g**2 - 5*g - 5. Determine l(-2).
-71
Let d(m) = -m**2 - 4*m + 59. Calculate d(-9).
14
Let i(k) = 110*k + 1122. What is i(-11)?
-88
Let f(t) = 32*t + 284. Give f(-9).
-4
Let n(a) = -431*a - 435. What is n(-1)?
-4
Let x(z) = 87*z**2 - 5*z - 6. What is x(-1)?
86
Let u(j) = -11*j**2 + 51*j + 104. Give u(-2).
-42
Let l(q) = 178*q + 15. What is l(1)?
193
Let z(t) = -4767*t - 42904. What is z(-9)?
-1
Let m(y) = 42*y + 495. Calculate m(-12).
-9
Let r(g) = g**3 - 55*g**2 - 167*g - 444. Determine r(58).
-38
Let s(c) = 5*c**2 - 1. What is s(1)?
4
Let o(u) = u**3 - 94*u**2 - 3566*u + 22. Give o(-29).
-7
Let j(d) = -10*d - 17. What is j(8)?
-97
Let x(o) = 45443*o - 136335. What is x(3)?
-6
Let t(c) = -16*c**3 + 162*c**2 - 10*c + 15. Give t(10).
115
Let f(x) = -x**2 - 31*x - 50. What is f(-12)?
178
Let x(a) = -a**2 + 697*a + 3505. What is x(-5)?
-5
Let a(q) = -4*q**3 - 136*q**2 - 12. Give a(-34).
-12
Let f(c) = 35*c + 497. What is f(-9)?
182
Let v(q) = -62*q + 2360. Determine v(38).
4
Let d(u) = -1043*u + 2056. Calculate d(2).
-30
Let c(l) = 2*l**2 + 186*l + 628. Determine c(-90).
88
Let o(q) = q**3 - 34*q**2 - 8*q + 270. Calculate o(34).
-2
Let i(l) = 76*l - 4323. Determine i(57).
9
Let k(s) = -104*s - 16599. Calculate k(-161).
145
Let p(u) = 4*u**3 + 29*u**2 - 18*u + 8. Determine p(-8).
-40
Let s(t) = 5*t**2 - 65*t + 58. What is s(12)?
-2
Let r(g) = -g**3 - 15*g**2 - 82*g - 10. Give r(-12).
542
Let k(g) = -g**3 - 9*g**2 - 21*g - 282. Give k(-9).
-93
Let z(t) = 10*t - 320. Determine z(28).
-40
Let o(t) = t**2 + 21*t + 63. What is o(-25)?
163
Let m(b) = -2*b**2 + 36*b + 98. Determine m(-3).
-28
Let c(d) = -d**2 - 26*d - 148. Give c(-10).
12
Let v(b) = -21*b + 14. What is v(9)?
-175
Let a(c) = -c**3 - 5*c**2 - 2*c - 24. What is a(-7)?
88
Let f(a) = a**3 + 3*a**2 - 12*a - 17. Determine f(-5).
-7
Let q(p) = 87*p - 5422. Give q(63).
59
Let n(l) = -2*l**3 - 5*l**2 - 2*l - 25. Determine n(-4).
31
Let o(j) = -2*j**2 - 32*j + 4635. Calculate o(-57).
-39
Let b(x) = 3*x**3 + 65*x**2 - 43*x - 449. Calculate b(-22).
13
Let c(b) = 124*b - 736. What is c(6)?
8
Let h(s) = 2*s**2 + 26*s + 27. What is h(-1)?
3
Let q(m) = -120*m + 4586. Calculate q(38).
26
Let j(t) = 12*t**3 - t**2 - 27*t + 28. Give j(1).
12
Let u(k) = -2*k**2 - 238*k - 1377. Give u(-6).
-21
Let k(q) = -4*q**3 - 12*q**2 + 28*q - 9. What is k(3)?
-141
Let t(q) = -4*q**3 + 350*q**2 + 179*q - 266. What is t(88)?
-2
Let v(y) = -545*y - 6574. What is v(-12)?
-34
Let l(c) = -c**2 + 33*c - 90. Determine l(3).
0
Let l(q) = -q**3 - 16*q**2 - 12*q - 65. Determine l(-13).
-416
Let f(v) = -1763*v + 28196. Give f(16).
-12
Let n(p) = -55*p**3 - p**2 + 1. Calculate n(1).
-55
Let g(q) = 5*q**2 + 38*q + 17. Calculate g(-18).
953
Let u(b) = b**3 - 16*b**2 + 22*b - 40. What is u(15)?
65
Let l(f) = f**3 - 25*f**2 + 82*f + 24. Calculate l(21).
-18
Let i(w) = 2*w**2 - 26*w + 88. Give i(9).
16
Let w(f) = -f**3 - 7*f**2 - 3*f + 15. Calculate w(-5).
-20
Let m(q) = -q**2 + 46*q - 554. Determine m(17).
-61
Let g(t) = t**2 + 122*t - 3170. Give g(22).
-2
Let b(h) = 109*h - 997. Determine b(8).
-125
Let y(z) = 38*z + 1635. What is y(-58)?
-569
Let t(i) = -1089*i + 3308. Give t(3).
41
Let w(f) = -2*f**3 + 133*f**2 - 71*f + 297. Determine w(66).
-33
Let l(w) = -22*w**3 + 69*w**2 - 3*w - 23. Calculate l(3).
-5
Let j(y) = -y**3 - 7*y**2 + 115*y - 83. Determine j(-15).
-8
Let r(v) = 2*v**3 + 23*v**2 - 15*v - 82. Calculate r(-12).
-46
Let c(r) = r**3 + 10*r**2 - 16*r - 47. Determine c(-11).
8
Let n(w) = 4*w**3 - 36*w**2 + 3*w - 12. Give n(9).
15
Let t(x) = -2852*x - 2848. Determine t(-1).
4
Let p(g) = g**2 - 59. Give p(10).
41
Let w(v) = 42713*v - 42717. What is w(1)?
-4
Let k(h) = h**3 + 8*h**2 + 79*h + 320. Calculate k(-5).
0
Let k(w) = -4*w**3 - w + 5. Determine k(2).
-29
Let r(h) = -6*h**2 - 9*h + 17. Determine r(4).
-115
Let r(g) = -g**3 - 11*g**2 + 2